t p(h) = -h**3 - 15*h**2 + 13*h + 53. Is p(-26) a composite number?
False
Suppose -4*b = -468 - 216. Is (9078/8)/3 + b/228 a prime number?
True
Suppose -5*u = -4*w + 11285, 4*w - 5*w - 2*u + 2818 = 0. Is w + (4 - 3) + -2 a composite number?
False
Suppose o = 5*j + 9 + 10, -3*o = -4*j - 24. Is (o - -123)*(-1)/(-1) a composite number?
False
Suppose -k = 3*p + 34 - 10, 15 = -3*p - 4*k. Is p/(-3) + 1394/2 + 3 a prime number?
False
Suppose -2*n - 3*k + 30769 = -44622, 0 = -k - 5. Is n composite?
True
Let g(i) = -31*i - 286. Is g(-45) prime?
True
Let k(q) = 2*q**2 + 2762*q**3 - 379*q**3 - 4 + 1 + 2. Let h be k(-1). Is ((-2)/3)/(4/h) prime?
True
Suppose -520 = 5*y - 3*d, 8*y + 520 = 3*y + 2*d. Let l = -51 - y. Is l a prime number?
True
Suppose -4*l + 6 = -2*h - 4, -11 = -5*l + 3*h. Suppose 0 = b + 2*g - 839, 0 = -l*b - 2*g + 3211 + 121. Is b a composite number?
True
Let s = -20 + 23. Suppose 10 = -0*a - s*a - 5*i, -5*i - 10 = -4*a. Suppose -4*f + 1164 = -a*f. Is f a prime number?
False
Let g(p) = -2*p**2 - 48*p + 1. Let j be g(-24). Is ((-9)/(-36))/(j/1756) prime?
True
Suppose 0*u + 2*u + 10056 = 0. Let b be (6/(-8))/(3/u). Suppose -b = -y - 2*y. Is y a composite number?
False
Let j(h) = -2*h - 29. Let i be j(-23). Let r = 62 + i. Is r composite?
False
Suppose 10*t = 11*t - 2533. Is t a prime number?
False
Let p = 11926 + -5431. Let b = p + -4328. Is b a composite number?
True
Let b = 1209 - 568. Suppose b = 2*s - 333. Is s a prime number?
True
Let l = 1222 - 600. Suppose 0 = i, -3*i + 13 - l = -3*w. Is w a composite number?
True
Suppose -5*o = -2995 - 8810. Is o composite?
True
Suppose -3*y + 5*h - 1459 = 0, -2436 = 7*y - 2*y - 4*h. Let v = y - -931. Is v prime?
True
Suppose k = -5*f + 2554, 5*f - 508 = 4*f - 3*k. Suppose -4*h - f = -5003. Is h composite?
False
Let y(n) = -77*n - 18. Let k(p) = 116*p + 27. Let d(a) = -5*k(a) - 7*y(a). Let w be d(7). Let s = 439 + w. Is s composite?
True
Let k be (-6)/(-8) + (-44)/16. Is (-1)/k*27444/6 prime?
True
Let v be -1 - (-2)/2*1. Suppose v = i + i - 210. Suppose -3*c - i + 0 = -3*y, -4*c - 16 = 0. Is y a composite number?
False
Is (685986/42)/(-3 + 3 + 1) composite?
False
Let q = -346 + 228. Let i = q + -38. Let d = -47 - i. Is d prime?
True
Let u = -58792 + 166359. Is u composite?
True
Let d(s) = -s + 2. Let r be d(-2). Is (-1 + 0)/(8/(-37280)*r) a prime number?
False
Let a = -22 - -36. Suppose a*o = 12*o. Suppose o = -0*d - 5*d + 925. Is d a composite number?
True
Suppose -4*l = 5*v - 2*l - 4525, 0 = 2*v - 3*l - 1791. Suppose 343 = 7*y - v. Is y a composite number?
True
Suppose -2*x - 2*k - 8 = -7*x, -4*x + 10 = 2*k. Let j(y) = 123*y**3 + 4*y - 3. Is j(x) a prime number?
False
Suppose 0 = 24*i - 28*i - 16. Is 741 + (-16)/i*1 composite?
True
Let k(o) = 951*o**2 + 5*o - 3. Is k(1) prime?
True
Suppose 4*t - f - 2*f - 5 = 0, 0 = 3*t - 2*f - 4. Suppose t*b = -0*b + 6. Is b + -2 - 0 - -57 composite?
True
Let q = -14 - -20. Suppose -q - 84 = -3*a. Suppose 5*i = 2*i + a. Is i a prime number?
False
Let o be (((-90)/5)/(-3))/2. Suppose 2*g + 2*s - 2151 = -o*s, 1 = s. Is g prime?
False
Let j(n) = -n**3 + 18*n**2 + 5*n - 12. Let v be j(18). Let g = 43 + v. Is g composite?
True
Suppose -2*n + 10 = 6. Suppose -n*m - 13675 = -7*m. Is m prime?
False
Suppose 3*y - 3910 = 8*y. Let q(v) = -3*v**2 - 6*v - 11. Let m be q(-12). Let i = m - y. Is i prime?
False
Let h(d) be the third derivative of d**6/120 - d**5/30 + d**4/24 + 211*d**3/2 - 11*d**2. Is h(0) a composite number?
True
Suppose 96713 + 261111 = 32*s. Is s a composite number?
True
Is ((-38210)/(-4))/(18/36) prime?
False
Let p = 33 + -31. Is p/((-2)/(-467))*(19 - 18) a composite number?
False
Let g be (6/9)/2*-789 - -2. Is (g/(-18))/(2/28) a prime number?
False
Suppose 4*a - 3 = 9. Suppose -2*k = -6, -z - a*k + 181 = k. Is z composite?
True
Let f(i) = -14573*i - 23. Is f(-2) composite?
False
Suppose 1 - 3 = -2*a. Let b be a + -3*2/(-2). Suppose 4*z - 100 = -0*z + b*l, -5*l = 4*z - 64. Is z prime?
False
Suppose -3*d - u = -5, -u + 5 = -0*d - d. Suppose d = -j + 466 + 1. Is j a composite number?
False
Let a be (-154)/(-10) - 6/15. Let j(o) = o**2 - 2*o - 4. Is j(a) a composite number?
False
Let q(n) = 2*n - 25. Let u be q(14). Let v(m) = 365*m**2 + m + 6. Let k be v(u). Suppose 106 - k = -4*l. Is l a composite number?
False
Let q = -444 - -30. Let b = q + 1001. Is b a composite number?
False
Let b = -2 + 16. Let t = -5 + b. Is t a prime number?
False
Suppose -2*m - 10 = 0, 27452 = -5*i - 2*m + 67787. Is i prime?
True
Suppose -d - 9 = -3*u + 2*d, 0 = -3*d + 3. Suppose 5*o + p - 99 = 930, -221 = -o - u*p. Is o prime?
False
Let y = -1897 - -2470. Is y composite?
True
Let p(x) = -2*x - 2. Let w be p(-3). Suppose -2*c = -6 + w. Is ((-166)/2)/(c/(-1)) prime?
True
Let m = -15385 - -31134. Suppose m = 5*q - 2*s, -q - 3*s - 12595 = -5*q. Is q prime?
False
Let f(k) = -2*k**3 + 22*k**2 - 42*k - 57. Is f(-17) a prime number?
False
Let f = 6731 - -2396. Is f a composite number?
False
Let v(m) = -4*m - 2*m**2 - m + 52*m**3 + 5*m**2 - 4*m**2 + 5. Is v(2) composite?
True
Suppose -3*g + 2*g + 341 = 0. Is g composite?
True
Let i be 12/15 - (-201410)/50. Let p = i + -2050. Is p a prime number?
True
Let h(o) = o**2 + o + 1645. Let p be h(0). Suppose -p = 5*v - 10*v. Let c = v - 126. Is c prime?
False
Let x be 1408/(-80)*130/4. Let d = x - -909. Is d prime?
True
Suppose 14*a - 9*a = 3290. Let i be 4 + (-4 - -4) + a. Suppose -8*c = -6*c - i. Is c a prime number?
True
Let p be ((-12)/(-42) + 16/14)*7. Is ((-15)/p)/((-2)/2348) composite?
True
Let d = 4203 - -640. Suppose 3*n - d = 1391. Is n composite?
True
Suppose 3*h + 47862 = 4*n, -9*n + 8*n + 11961 = -3*h. Is n composite?
True
Suppose 6*u - 20546 = 37774. Let c = u + -6721. Is c a composite number?
False
Let i(b) = -b**3 + 2*b**2 + 10*b - 3. Let h be i(4). Suppose v - y - 214 = 0, -v = v + h*y - 407. Is v composite?
False
Let x = 14195 + -2682. Is x composite?
True
Suppose 0 = -26*d + 371562 + 76912. Is d composite?
True
Let n be (-2)/9 - ((-22148)/(-18))/(-2). Suppose 0 = -3*m + 468 + n. Is m composite?
True
Suppose 7*f = 3*f + 4*k + 36948, -3*k + 9245 = f. Is f prime?
True
Let x(k) = 1890*k**2 + 11*k - 4. Is x(-2) a composite number?
True
Let v be (-250)/20*(-8)/(-10). Let n be 386/10 + (-4)/v. Is n/13 + 1*124 a prime number?
True
Suppose 0 = 3*b - d - 0*d - 4241, 0 = -5*b - 3*d + 7087. Let y = b - 898. Let o = y + -360. Is o prime?
True
Let s be ((-17)/(-34))/((-1694)/(-1696) - 1). Let d = -157 - s. Is d composite?
True
Let w = 79038 - 45087. Is w a composite number?
True
Let t(y) = 2*y**2 + 4*y + 2. Suppose -3*f = -8*f - 10. Let o be t(f). Suppose -k - p + 884 = 0, 0 = 5*k + o*p - 6*p - 4447. Is k a prime number?
True
Let w(z) = z**3 - z**2 + 2*z - 3. Let k be w(2). Suppose k*l - 2884 = 2331. Is l a prime number?
False
Let y(a) = 168*a**2 + 5*a + 21. Is y(10) a composite number?
False
Let z(p) = 5*p + 55. Let q be z(-9). Suppose -q*h - 49 = -1619. Is h composite?
False
Let l(s) = 544*s + 6. Let o be l(5). Suppose -5*p = 221 - o. Is 10/20*(p - -1) prime?
True
Let w = -34322 + 50083. Is w prime?
True
Let h(t) = -t**3 + 57*t**2 + 63*t - 9. Is h(52) prime?
True
Suppose 7*v - 2*v = 35. Let m = 11 - v. Suppose 3*d = m*d - 9. Is d a prime number?
False
Let f(m) = 22*m**2 - 2*m - 41. Is f(11) prime?
False
Let t = 37558 - 21239. Is t composite?
False
Let q(o) = 115*o**2 - 5*o - 7. Let b be q(6). Suppose 3*x + 8*x = b. Is x prime?
True
Suppose -3*k - 5*b = 1, -7 = -4*k - 9*b + 4*b. Suppose k = 3*a + 29. Is (-8)/(-28) + (-5577)/a composite?
False
Let i = -115 - -410. Is i prime?
False
Is 8/(15 - 11) - (-634 - -1) composite?
True
Suppose g + 72 = -5*g. Let h(u) = -u**3 - 10*u**2 + 8*u + 9. Is h(g) composite?
True
Let k(y) = -49*y - 4. Let a be k(6). Let v(i) = -i**2 - 3*i - 9. Let b be v(-2). Is 1 - (-7)/(b/a) a prime number?
False
Let r be -4*-4*(-3)/12 - -6857. Suppose -6*z - j + 6857 = -z, -j - r = -5*z. Is z a composite number?
True
Suppose -21*w + 18*w = -1068. Suppose -j + 1528 = 3*b, -b + 892 - w = -5*j. Is b a prime number?
False
Let g(c) = -162*c - 11. Is g(-26) a composite number?
False
Suppose 4*l - 4*d - 4489 = 3*l, 4*l - 17956 = -3*d. Is l a composite number?
True
Let u be 1/(34/8 - 4). Suppose -u*x = -0*x - 3548. Is x composite?
Fa